 -16 = -4*i. Let f = w + o. What is the greatest common factor of 154 and f?
14
Suppose -4*j + 2*f + 54 = 0, 0*j - 5*f - 75 = -5*j. Calculate the highest common divisor of j and 16.
4
Let b be ((-4699)/(-254))/(1/4). Calculate the highest common factor of b and 666.
74
Let i(p) = -5*p + 78. Let g be i(14). Calculate the highest common divisor of g and 12.
4
Suppose 2*i + 230 = 4*d, -2*d = 2*i + 4 - 134. Let n be (1/2)/((-1)/(-20)). What is the highest common factor of n and d?
10
Let c = 3514 + -1993. Calculate the highest common divisor of 9 and c.
9
Suppose 86*i = 4709 + 4579. Let l = 5 - -7. What is the highest common factor of i and l?
12
Let k(l) = -11*l**2 + 2. Let f be k(2). Let j = 57 + f. What is the greatest common divisor of j and 15?
15
Suppose q + 5*a = 943, -2*q + 938 = -q + 4*a. Calculate the greatest common factor of 34 and q.
34
Let z be (38/133)/(2/350). What is the greatest common factor of 1150 and z?
50
Let x = 3 + 9. Suppose -5*s + s - 4*q = -x, q - 19 = -3*s. Calculate the highest common divisor of s and 20.
4
Let c be (2/3)/((-8)/(-12)). Let f(b) = 4*b**2 + 73*b + 20. Let i be f(-18). Calculate the highest common factor of i and c.
1
Let v = 20 + -10. Let g(y) = y**2 - 11*y + 15. Let a(p) = 5*p. Let i be a(2). Let x be g(i). What is the greatest common factor of x and v?
5
Let z be 9 - (-3 + 1373)/(-10). What is the highest common factor of z and 73?
73
Suppose 3*r = -0*r + 6. Suppose p = -r*p + 12. What is the highest common factor of p and 10?
2
Suppose 0 = g + 24 - 9. Let f = 21 + g. Suppose 0*s + s = f. What is the highest common factor of s and 15?
3
Let b = -45 + 49. Let y be 2/(-3)*-3 + 1 + b. Let t be ((-1)/(-2))/((-2)/(-224)). Calculate the highest common factor of t and y.
7
Let g(z) be the first derivative of 44*z**3/3 - 5*z**2/2 + 6*z + 6. Let i be g(1). Calculate the greatest common factor of 60 and i.
15
Let f = -91 + 129. Let m be (-10)/(-4) - 4/(-8). Let b be ((-6)/2)/(m/(-57)). What is the highest common factor of f and b?
19
Let a = -21 - -33. Suppose 24 = 2*g - a. Let f be ((-378)/15)/(2/(-10)). What is the highest common factor of g and f?
18
Let h(p) = 4*p - 1 - 65*p**2 + 67*p**2 + 2*p. Let d be h(-7). Calculate the highest common divisor of d and 5.
5
Let g = -146 - -162. Suppose y - 880 = -4*y. Calculate the highest common divisor of y and g.
16
Suppose 2*x + k + 4 = 81, 3*x - 83 = 5*k. Calculate the greatest common factor of x and 8.
4
Let y = -263 + 375. Suppose -3*j - y = -7*j. Let u = 88 - 74. What is the highest common factor of j and u?
14
Let d(p) = -9*p**3 + 3*p**2 + 11*p + 2. Let g be d(-2). Calculate the greatest common divisor of g and 16.
16
Let n(j) = 4*j**2 + 3*j - 4. Let w be n(3). Let i = w + -29. What is the greatest common factor of i and 24?
12
Let n = 53 - 56. Let o be (-6)/n + -3 - (-5 - 3). What is the highest common divisor of o and 1?
1
Let o(d) = 10*d - 15. Let g be o(4). Suppose -4*f + 63 = -g. Calculate the greatest common divisor of 11 and f.
11
Let y = -81 + 88. Calculate the highest common divisor of 77 and y.
7
Suppose -z + f = -59 + 6, -275 = -5*z - 5*f. Suppose -y = -36 - z. Let h be (1/1)/(1/10). What is the highest common divisor of h and y?
10
Suppose -5 + 357 = 4*l. Let p(i) = -2*i - 2. Let o be p(-6). Let f = o + 1. Calculate the highest common divisor of l and f.
11
Suppose 0 = -5*j + 3*o + 288, 4*o = 4*j + 2*o - 230. What is the highest common divisor of 437 and j?
19
Suppose -4*v = -5 + 13. Let t(l) = 26*l + 48. Let j be t(-3). Let y be ((-200)/j)/(v/(-24)). Calculate the greatest common divisor of y and 32.
16
Let x = 111 - 78. Let q = 297 - 242. What is the greatest common factor of x and q?
11
Suppose 2*q - 2*h = -0*h - 40, -36 = q - 5*h. Let d be (q/(-1))/((-3)/(-24)). Calculate the greatest common factor of 16 and d.
16
Suppose 0 = -0*h - 4*h + 96. Let x(a) = -a**3 - 26*a**2 + 19*a + 48. Let s be x(-27). What is the highest common factor of h and s?
24
Suppose 5*a + 3 - 3 = 0. Suppose 0 = -4*h - 3*r + 147, h - 2*r + 0*r - 23 = a. Calculate the highest common divisor of 22 and h.
11
Suppose 2*v + j - 21 = 0, 0*v - 4*v + 7 = -5*j. Let w(t) = -t**2 - 21*t + 34. Let k be w(-19). Calculate the greatest common divisor of v and k.
8
Let r(i) = 7*i**2 + 3*i - 21. Let t(d) = -10*d**2 - 5*d + 31. Let s(b) = -7*r(b) - 5*t(b). Let p be s(4). Calculate the highest common factor of p and 48.
24
Suppose 0 = 4*n - 21 + 1. Suppose 10*p - 10 = n*p. Let v be (-10)/((-9)/(27/p)). What is the highest common factor of 10 and v?
5
Let v(o) = 8*o + 6. Let d(t) = -3 + 0 - 9*t - 3. Let q(w) = -3*d(w) - 4*v(w). Let b be q(-6). Calculate the highest common factor of b and 168.
24
Suppose -300*b + 341*b - 1353 = 0. Suppose n - 4 + 2 = 0. Suppose -n*d + d = -11. Calculate the greatest common factor of b and d.
11
Let n(o) be the second derivative of -o**5/20 + 17*o**4/12 + o**3/2 - 17*o**2/2 + 22*o. Let s be n(17). Calculate the greatest common divisor of s and 51.
17
Suppose 0 = 3*h - 8*h + 125. Let y be h/3 - 4/(-6). Suppose y*u = 4*u + 910. What is the greatest common divisor of u and 26?
26
Let l(p) = -14*p + 30. Let o be l(-4). Calculate the greatest common factor of 989 and o.
43
Let w be (10/3)/(2/3). Let o(j) = 30*j**3 + 2*j**2 - 3*j + 1. Let q be o(1). Let l = q + -20. What is the highest common divisor of l and w?
5
Suppose -2*z = -2*h + 114, 97 = 3*h + 2*z - 99. Calculate the greatest common divisor of h and 93.
31
Let n(l) = 2*l**2 + 2. Let m be n(-2). Let i = -129 + 229. Suppose -i = -2*b - 2*b. Calculate the highest common divisor of b and m.
5
Suppose 16 = 3*y - 2*t, 3*y - 3*t = y + 19. Let h = 7 - y. Suppose 4*b - h*b = -3. What is the highest common divisor of 3 and b?
3
Suppose c - 1 = 27. Let a = -9 - -21. Let w(i) = 24*i + 20. Let b be w(a). Calculate the highest common divisor of c and b.
28
Let c(f) = 2 + f + 1 + 10*f**2 - 5. Let o be c(-2). Let n(x) = x**3 - 13*x**2 - 51*x + 72. Let y be n(16). What is the greatest common divisor of y and o?
12
Let o = -115 - -161. Let m(i) = i**3 - 4*i**2 - 135*i + 870. Let f be m(8). What is the greatest common divisor of f and o?
46
Let k(n) = -2*n**3 + n**2 + 6. Let o be k(-4). Calculate the greatest common divisor of o and 375.
75
Suppose 0 = 3*m + 2*a + 78, -4*m - a = 3*a + 108. Let x = m + 30. Calculate the highest common factor of 3 and x.
3
Suppose 0 = -5*p + 3*a - 22, 3 = -p + 3*a + 1. Let t = 2 + p. Let n be ((-44)/(-16))/(t/(-36)). Calculate the greatest common divisor of 22 and n.
11
Let x(o) = o + 14. Let k be x(-9). Suppose r - q - 60 = 0, 2*r - 147 = k*q - 18. What is the greatest common divisor of r and 38?
19
Suppose -k + 7 = -4*k + 5*c, -3*k + 11 = 4*c. Let p = k - -12. Calculate the highest common factor of p and 143.
13
Let s be 42 + -43 - (-1 - 92/2). Calculate the greatest common divisor of s and 5.
1
Suppose 2*w - 3*w = -3. Let j = -18316 - -18337. What is the highest common factor of j and w?
3
Let c = -342 - -446. What is the highest common divisor of c and 39?
13
Let o(s) = 4*s**2 - 2. Let t be o(2). Let l = -42 + 70. Calculate the highest common factor of l and t.
14
Suppose l = 105 + 82. Calculate the greatest common divisor of l and 51.
17
Let s(v) = 8*v**3 - v**2 - 2*v - 3. Let l be s(3). Suppose 0 = 7*p - 26 - l. Suppose -2*h - 42 = -202. What is the highest common factor of h and p?
16
Let g = 7 - 2. Let q = -48 - -53. Calculate the highest common factor of g and q.
5
Suppose 32*d - 28*d = 2268. Suppose 30 = -g + 93. What is the greatest common factor of d and g?
63
Let c = -5 + 8. Suppose -32 = -2*n + 2*b, b + 68 = 2*n + c*n. Let w(j) = -27*j - 43. Let v be w(-4). What is the highest common factor of v and n?
13
Suppose 0 = 5*r + 17*r - 5148. Calculate the highest common factor of r and 36.
18
Let j be ((-2124)/(-295))/((-6)/(-580)). Calculate the greatest common factor of 12 and j.
12
Let u = -42 + 114. Suppose -74*s + u*s + 78 = 0. What is the highest common divisor of 26 and s?
13
Let z(f) = 2*f**2 + 6*f - 16. Suppose 0 = -9*x + 2*x - 56. Let r be z(x). What is the highest common factor of 16 and r?
16
Suppose 4*h = 17*l - 21*l + 328, 80 = l + 2*h. What is the highest common factor of l and 72?
12
Suppose -2*a + 22 = -0*a. Let s(f) = -18*f - 2. Let j be s(4). Let k = 195 + j. Calculat